6, what is -20345 + 101?
-20244
In base 11, what is 2798 + 14?
2801
In base 7, what is -10 + 132434?
132424
In base 4, what is -2032110 - 100?
-2032210
In base 7, what is -1 + -143535?
-143536
In base 12, what is ba - -6238?
6336
In base 15, what is -2e252 - -5?
-2e24c
In base 6, what is -212 - -313?
101
In base 12, what is -4 + 16687?
16683
In base 14, what is 1c40d4 + 2?
1c40d6
In base 9, what is -6 + -1367?
-1374
In base 9, what is 318118 + -3?
318115
In base 4, what is -10331 + 22101?
11110
In base 16, what is -297 - -a23?
78c
In base 13, what is 8557 - -2?
8559
In base 3, what is 10020021001022 - -12?
10020021001111
In base 7, what is 2645 - 1211?
1434
In base 14, what is -323 + c7?
-23a
In base 10, what is 4 - 7714?
-7710
In base 3, what is -12 + 121220221?
121220202
In base 2, what is 101 + -101111001111010?
-101111001110101
In base 16, what is -2bfa8 - 9?
-2bfb1
In base 12, what is 367 + 97a?
1125
In base 15, what is 9b8 - -313?
ccb
In base 16, what is 13d38c + -3?
13d389
In base 2, what is 110101101110011 - 101?
110101101101110
In base 10, what is -2602 - 178?
-2780
In base 2, what is -10000010101101111100 + -10?
-10000010101101111110
In base 2, what is -101110100 + -101000100010?
-101110010110
In base 9, what is -2725 + 464?
-2251
In base 9, what is -5577 - 0?
-5577
In base 8, what is -3 - 246056?
-246061
In base 11, what is -1 + -100020?
-100021
In base 2, what is -100111 - 1100000?
-10000111
In base 13, what is 7b8c + -5?
7b87
In base 2, what is -101001011000 - 111010001?
-110000101001
In base 6, what is 0 + -304212?
-304212
In base 8, what is 11 + -64300?
-64267
In base 10, what is -44033 - 5?
-44038
In base 3, what is 220022102 + 12020?
220111122
In base 4, what is 21332323 + 10?
21332333
In base 6, what is 354 + -13?
341
In base 13, what is 274 + 2aa?
551
In base 4, what is -22113111 + 1000?
-22112111
In base 15, what is -3 - -369c?
3699
In base 2, what is -100 + 1010010110100011?
1010010110011111
In base 16, what is 14539 + 1?
1453a
In base 15, what is -10 + -2cad?
-2cbd
In base 3, what is -120002120 - -20?
-120002100
In base 3, what is 21221 + -122001?
-100010
In base 13, what is 5 - -942?
947
In base 3, what is 200 + 20020011001?
20020011201
In base 2, what is 100000011 - -10000100101111?
10001000110010
In base 9, what is -2 - 3703?
-3705
In base 11, what is 64913 + -2?
64911
In base 10, what is -3109 - -12?
-3097
In base 2, what is 1001010100010 - -1?
1001010100011
In base 2, what is 100000100011001 + 0?
100000100011001
In base 4, what is 1210213 + -12?
1210201
In base 6, what is 103420 - 111?
103305
In base 13, what is 1 + -224b33?
-224b32
In base 12, what is -6a0 + 46?
-656
In base 7, what is -3603 - -143?
-3430
In base 2, what is -100111010100110101011 - 11?
-100111010100110101110
In base 5, what is -10 - -2324440?
2324430
In base 5, what is -102 + 2323331?
2323224
In base 4, what is -1 - -12303100?
12303033
In base 13, what is -3 - 30110?
-30113
In base 3, what is 2 + -12011021?
-12011012
In base 13, what is -24c + -4a?
-299
In base 9, what is 1375513 + -4?
1375508
In base 16, what is -7e - -530?
4b2
In base 15, what is 1d8e + -b?
1d83
In base 9, what is -15 + -22667?
-22683
In base 15, what is -11 + 53?
42
In base 6, what is 113 + 4024?
4141
In base 16, what is 501ce + -3?
501cb
In base 11, what is -77624 - -1?
-77623
In base 9, what is -2 + -110730?
-110732
In base 5, what is 4 - -201013?
201022
In base 13, what is 12 - 2cb65?
-2cb53
In base 14, what is 138b1 - 3?
138ac
In base 3, what is 12010211220 - -11?
12010212001
In base 14, what is 196cc3 + 1?
196cc4
In base 16, what is 1 + 28d4?
28d5
In base 5, what is 420043 - -144?
420242
In base 8, what is 1 + -357015?
-357014
In base 7, what is 1323134 - 3?
1323131
In base 10, what is 4 + -233961?
-233957
In base 5, what is 24011 + 3?
24014
In base 4, what is 2122311 - -232?
2123203
In base 2, what is -1010101001 - 11000?
-1011000001
In base 9, what is 8167 - 1?
8166
In base 7, what is 4530 + 4612?
12442
In base 4, what is -20311 + 13122?
-1123
In base 11, what is -54 - -464?
410
In base 6, what is 3 - -50430?
50433
In base 16, what is -5 + -13ef5?
-13efa
In base 15, what is -2 + -9d586?
-9d588
In base 4, what is 22211331 + -10?
22211321
In base 8, what is 103756 - 5?
103751
In base 4, what is 2121301 - 21213?
2100022
In base 14, what is -10 - 3a?
-4a
In base 11, what is 455 + 1a33?
2388
In base 3, what is 2120211 + 101?
2121012
In base 15, what is 2668d - 5?
26688
In base 15, what is -904d + -11?
-905e
In base 4, what is -10 + -2023200?
-2023210
In base 14, what is 4db46 + 9?
4db51
In base 8, what is 4306 - 0?
4306
In base 14, what is -7 + -95ac?
-95b5
In base 11, what is 1 + 44255?
44256
In base 15, what is -b - 1db35?
-1db41
In base 14, what is c + 816?
824
In base 9, what is 3557455 - 5?
3557450
In base 10, what is 37 - 8154?
-8117
In base 3, what is 0 - -102012201?
102012201
In base 12, what is 7 - 57a31?
-57a26
In base 4, what is 233 - -33030?
33323
In base 15, what is 1d98 - -1?
1d99
In base 4, what is -220120 - 222?
-221002
In base 10, what is -2 + -11833?
-11835
In base 12, what is -5 - -a71?
a68
In base 9, what is 2 + -41616?
-41614
In base 4, what is -231131 - -11?
-231120
In base 14, what is 36b8 - -1d?
36d7
In base 15, what is 13 + -573?
-560
In base 6, what is 35 - 33255?
-33220
In base 11, what is -176288 - 0?
-176288
In base 6, what is 3445125 + -3?
3445122
In base 7, what is 23463 + 63?
23556
In base 14, what is -45d5bb - 5?
-45d5c2
In base 3, what is 202011012100 - -1?
202011012101
In base 5, what is 30 + 2141?
2221
In base 11, what is 60748 + 3?
60750
In base 9, what is -404 - 3280?
-3684
In base 7, what is -2 - -2542314?
2542312
In base 5, what is 14040113 + 10?
14040123
In base 8, what is 521 - -364?
1105
In base 4, what is -22223010 - -33?
-22222311
In base 10, what is 213145 + 4?
213149
In base 6, what is -255 - -112?
-143
In base 14, what is -7 + 2d65c?
2d655
In base 2, what is 11101 + -1100011010001?
-1100010110100
In base 2, what is -1010100 + 1010111001000000?
1010110111101100
In base 15, what is c31 - 26?
c0a
In base 14, what is b300 - -a?
b30a
In base 10, what is -1137 - 2043?
-3180
In base 15, what is -a88d6 + 1?
-a88d5
In base 15, what is 34a - 191?
1a9
In base 15, what is -6410 - -6?
-6409
In base 13, what is -2ccb6 - -2?
-2ccb4
In base 2, what is 101001 - 10110110111111?
-10110110010110
In base 14, what is 1c05 + -3?
1c02
In base 4, what is -2020102 - 10?
-2020112
In base 15, what is -12a2d + -5?
-12a33
In base 9, what is 23310 - -13?
23323
In base 11, what is -4 + 6570?
6567
In base 13, what is -53473 - -10?
-53463
In base 15, what is 271 + -1d15?
-1a94
In base 8, what is 5 + -52120?
-52113
In base 7, what is 130441 + 5?
130446
In base 3, what is 2210 - 220122111?
-220112201
In base 4, what is -2 + -31003220?
-31003222
In base 7, what is -253501 - 11?
-253512
In base 3, what is -1221 + 2212200?
2210202
In base 6, what is -35100 + 0?
-35100
In base 9, what is 11 - -8136?
8147
In base 3, what is 22210022 - 2122?
22200200
In base 3, what is -1201 + 2012?
111
In base 9, what is -35 + 255?
220
In base 14, what is c86bc + -3?
c86b9
In base 7, what is 4200561 + -13?
4200545
In base 3, what is -22100212202 - -1?
-22100212201
In base 4, what is 23 + -12223000?
-12222311
In base 16, what is -1c8 + 1b9?
-f
In base 16, what is -118 - -98f?
877
In base 9, what is -345487 + -4?
-345502
In base 15, what is -6 + -9b58?
-9b5e
In base 5, what is -2234 + 1043?
-1141
In base 12, what is -17 + -25109?
-25124
In base 6, what is -2411 + 1004?
-1403
In base 5, what is -3 + -14041402?
-14041410
In base 5, what is 42334 - 3?
42331
In base 7, what is 16154 - 10?
16144
In base 13, what is 627 + 9c?
6c6
In base 3, what is -10000212002 - 12?
-10000212021
In base 2, what is -101 - -11111011110110111?
11111011110110010
In base 14, what is 61 + -484?
-423
In base 4, what is 12011103 + -11?
12011032
In base 12, what is 4748 + -35?
4713
In base 13, what is -1361 - c6?
-1457
In base 11, what is -2734 + 20?
-2714
In base 7, what is -10 + -12140?
-12150
In base 5, what is 23140 - 30?
23110
In base 7, what is -5041502 - 1?
-5041503
In base 3, what is -12220222012 + 212?
-12220221100
In base 6, what is -1400004 - -4?
-1400000
In base 4, what is -2 - 33002200?
-33002202
In ba